 = 18967*d - 75989. Determine w(4).
-121
Let q(v) = -3*v**2 + 34770*v + 347795. Determine q(-10).
-205
Let a(j) = 25982*j - 206583. What is a(8)?
1273
Let m(b) = 104*b**2 + 516*b + 357. Give m(-1).
-55
Let x(r) = -107*r**2 - 27356*r + 82074. Calculate x(3).
-957
Let d(j) = 5*j**2 - 2111*j + 18987. What is d(413)?
-11
Let y(p) = 8*p**3 - 25*p**2 + 282*p - 836. Determine y(3).
1
Let v(q) = 7*q**3 + 129*q**2 + 72*q + 57. Calculate v(-17).
1723
Let m(b) = -56*b**2 - 101*b + 9248. Calculate m(12).
-28
Let v(m) = -m**3 - 20*m**2 + 120*m + 2563. Calculate v(-20).
163
Let k(i) = 541*i**2 - 113*i - 117. What is k(-1)?
537
Let t(i) = -88347*i - 353412. What is t(-4)?
-24
Let p(c) = 436923*c - 1747664. What is p(4)?
28
Let k(s) = -11*s**3 - 91*s**2 - 32*s - 295. Determine k(-8).
-231
Let v(c) = -29597*c - 2782129. Determine v(-94).
-11
Let u(h) = 89*h - 435. What is u(18)?
1167
Let p(y) = 206*y + 27995. Determine p(-136).
-21
Let r(k) = k**2 + 89*k - 58781. Give r(202).
1
Let v(t) = -45043*t + 135132. Determine v(3).
3
Let r(b) = 421*b + 2447. Give r(-9).
-1342
Let h(f) = 13*f - 1857. Calculate h(19).
-1610
Let u(s) = -42*s**2 + 31375*s - 765. Calculate u(747).
-18
Let d(y) = -y**3 - 37*y**2 + 124*y + 161. What is d(-1)?
1
Let v(m) = 24867*m + 248696. Calculate v(-10).
26
Let p(b) = -11*b**3 + 112*b**2 + 99*b + 9. What is p(11)?
9
Let g(a) = 4*a**3 - 215*a**2 + 159*a - 106. Calculate g(53).
-106
Let r(h) = -2*h**2 - 578831*h + 2315358. Calculate r(4).
2
Let o(d) = 7073*d + 176976. Calculate o(-25).
151
Let v(q) = 4539*q - 1688437. Give v(372).
71
Let a(m) = 1853*m + 68570. Give a(-37).
9
Let d(h) = -86*h - 3255. What is d(-31)?
-589
Let l(w) = 2*w**3 - 42*w**2 - 69*w + 774. Calculate l(20).
-1406
Let u(j) = -j**3 - 3940*j**2 + 39498*j - 45. Give u(10).
-65
Let u(o) = -197194*o + 1380573. Give u(7).
215
Let c(a) = a**3 - 728*a**2 + 56320*a + 7. Give c(88).
7
Let f(b) = -6007*b + 37307. Give f(6).
1265
Let a(o) = -54*o**3 + 9*o**2 + 21*o - 33. Calculate a(1).
-57
Let c(f) = -f**3 + 136*f**2 + 733*f - 43933. Determine c(139).
-9
Let q(i) = i**3 - 1223*i**2 + 6101*i - 18. Give q(5).
37
Let d(p) = 7879*p - 15759. Calculate d(2).
-1
Let r(z) = -8*z**2 - 626*z + 64985. Calculate r(59).
203
Let v(h) = -h**3 + 50*h**2 - 597*h + 36435. What is v(52)?
-17
Let v(o) = -o**2 - 7758*o - 293387. Determine v(-38).
-27
Let t(w) = -4*w + 654. What is t(14)?
598
Let t(x) = 8*x**3 + 866*x**2 + 2048*x + 703. Give t(-2).
7
Let f(l) = -6618*l + 3123688. Determine f(472).
-8
Let s(w) = -w**3 + 124*w**2 - 276*w + 2159. Give s(122).
-1745
Let u(x) = 400*x + 13559. Calculate u(-34).
-41
Let d(g) = 5*g**2 + 380*g + 2047. Calculate d(-5).
272
Let c(n) = -2*n**3 - 4*n**2 + 186*n + 957. Give c(-6).
129
Let t(p) = 709*p + 4226. Calculate t(-6).
-28
Let m(v) = 2*v**3 + 33*v**2 + 341*v + 1635. Give m(-8).
-5
Let i(r) = r**3 - 43*r**2 + 91*r - 608. Calculate i(41).
-239
Let q(h) = -4*h**2 - 462*h + 773. Give q(-107).
4411
Let g(r) = -r**3 - 51*r**2 + 1309*r + 21051. Determine g(-66).
-3
Let g(j) = 7*j**2 - 464*j - 6640. Give g(-16).
2576
Let f(i) = -153*i**2 - 44366*i + 90520. Determine f(-292).
0
Let s(v) = 2*v**2 + 421*v + 13557. Determine s(-171).
48
Let k(v) = -v**3 + 19*v**2 - 89. What is k(19)?
-89
Let u(d) = -d**3 + 298*d**2 - 901*d + 4698. Determine u(295).
-22
Let z(d) = -202*d + 12883. Determine z(63).
157
Let c(v) = -15*v**2 + 766*v - 1723. Give c(49).
-204
Let f(m) = 52*m + 3565. Determine f(-69).
-23
Let z(j) = 4*j**2 - 5*j - 155820. Determine z(198).
6
Let d(i) = 13*i**3 - 7*i**2 + 412*i + 862. Calculate d(-2).
-94
Let m(q) = 156*q - 21797. What is m(139)?
-113
Let s(a) = 2*a**3 - 477*a**2 + 207*a + 7374. Give s(238).
-4
Let o(k) = 18963*k - 8097286. Give o(427).
-85
Let r(s) = -190*s - 34634. Calculate r(-184).
326
Let y(a) = a**3 + 6*a**2 - 69*a + 308. Determine y(5).
238
Let l(z) = -z**2 + 126*z - 1669. Calculate l(17).
184
Let d(x) = 2*x**3 - 134*x**2 - 1009*x - 22. Calculate d(-7).
-211
Let s(j) = 20*j**2 - 151*j - 3. What is s(9)?
258
Let k(m) = -97226*m + 583347. Give k(6).
-9
Let d(g) = -2372*g**2 - 33201*g + 102. Determine d(-14).
4
Let i(f) = 153*f**2 - 10254*f + 205. Calculate i(67).
4
Let f(h) = -2*h**3 - 86*h**2 - 66*h + 69. What is f(-42)?
-687
Let q(o) = -127*o**2 - 890*o - 146. Calculate q(0).
-146
Let y(w) = w**3 - 46*w**2 + 54*w + 3205. What is y(43)?
-20
Let t(a) = -117*a**2 + 13323*a + 1731. Give t(114).
21
Let h(s) = 48749*s - 292513. Determine h(6).
-19
Let a(l) = -l**3 + 44*l**2 - 499*l + 2954. Determine a(31).
-22
Let n(c) = 2*c**2 - 7869*c - 31508. Give n(-4).
0
Let i(r) = -69*r**2 + 19323*r - 815. Calculate i(280).
25
Let y(f) = -62072*f - 2917380. Calculate y(-47).
4
Let x(v) = v**3 + 19*v**2 - 116*v + 271. What is x(5)?
291
Let p(m) = 254565*m + 509144. What is p(-2)?
14
Let q(f) = f**3 + 55*f**2 + 351*f - 198. What is q(-47)?
977
Let s(t) = 3*t**3 + 531*t**2 + 541*t + 1594. Determine s(-176).
-694
Let d(x) = -x**3 + 52*x**2 - 41*x - 153. Determine d(51).
357
Let n(p) = 24*p**3 + 5*p**2 + 205*p - 903. Give n(4).
1533
Let y(s) = -3*s**3 + 15*s**2 - 12*s + 115. Determine y(10).
-1505
Let w(l) = 2*l**3 - 365*l**2 + 1214*l + 2. Determine w(0).
2
Let i(p) = -485*p + 19269. What is i(45)?
-2556
Let l(k) = 2*k**3 + 11*k**2 - 223*k + 10. Determine l(8).
-46
Let b(u) = -2*u**3 - 102*u**2 + 321*u - 167. Calculate b(-54).
-5
Let x(i) = 4*i**2 - 23*i - 980. Calculate x(19).
27
Let h(s) = -2*s**3 + 391*s**2 - 218*s + 4453. Determine h(195).
-32
Let z(g) = 48*g + 2230. What is z(-40)?
310
Let t(c) = c**2 - 387*c - 8131. Determine t(407).
9
Let n(p) = 2*p**2 - 970*p + 18617. What is n(20)?
17
Let d(i) = -285089*i + 11403548. What is d(40)?
-12
Let h(t) = -8590*t - 2138909. Determine h(-249).
1
Let o(b) = -83*b + 16453. Give o(219).
-1724
Let i(b) = 147151*b - 4267381. Calculate i(29).
-2
Let s(n) = 134*n - 8934. What is s(63)?
-492
Let x(n) = 27*n**3 - 143*n**2 - 113*n + 8. Give x(6).
14
Let s(q) = -q**3 + 88*q**2 - 153*q - 1615. Give s(86).
19
Let y(f) = 23*f**2 - 567*f - 30. What is y(5)?
-2290
Let c(w) = 7*w**2 + 728*w + 2179. Calculate c(-3).
58
Let p(z) = 5*z**3 + 17*z**2 - 4*z - 9. Calculate p(-5).
-189
Let r(n) = -n**3 + 326*n**2 + 11038*n + 10362. Calculate r(357).
9
Let x(k) = 6548*k - 39251. Give x(6).
37
Let m(i) = 13*i**3 - 2886*i**2 - 2*i + 473. What is m(222)?
29
Let r(k) = 8006*k - 15914. Calculate r(2).
98
Let l(w) = 592*w - 20728. Calculate l(35).
-8
Let x(q) = 956*q**2 - 27700*q - 578. Determine x(29).
118
Let k(x) = -8704*x + 992239. Calculate k(114).
-17
Let s(z) = 4872*z**2 - 579765*z - 362. What is s(119)?
-5
Let j(g) = -6*g**2 + 31*g - 112. Calculate j(-15).
-1927
Let y(c) = c**3 + c**2 - 113*c + 1291. What is y(14)?
2649
Let w(y) = -17272*y - 85379. Determine w(-5).
981
Let r(t) = -t**3 - 42*t**2 - 552*t - 18778. Give r(-40).
102
Let p(g) = g**2 + 373*g + 24019. Calculate p(-93).
-2021
Let r(k) = -382*k - 4623. Determine r(-10).
-803
Let w(s) = 12574*s + 226306. Determine w(-18).
-26
Let n(q) = -q**3 + 126*q**2 - 3971*q + 222. Calculate n(64).
30
Let t(j) = -523*j**3 + 1048*j**2 - 28*j + 63. Calculate t(2).
15
Let j(a) = 15*a**2 - 33*a + 198. Determine j(10).
1368
Let n(i) = -6*i**2 - 112*i - 13. What is n(-14)?
379
Let c(m) = m**2 - 1420*m + 87549. Determine c(65).
-526
Let s(o) = 18834*o - 376673. Give s(20).
7
Let x(w) = -6909*w + 43964. Give x(6).
2510
Let o(s) = 10*s**3 + 6*s**2 - 6190*s - 12394. Determine o(-2).
-70
Let w(x) = x**3 + 55*x**2 + 243*x - 214. What is w(-50)?
136
Let u(r) = 20*r**2 + 1228*r + 16113. Determine u(-19).
1
Let w(m) = -m**2 + 279*m + 22450. What is w(-66)?
-320
Let y(g) = 8*g**3 - 17*g**2 + 204*g + 10. What is y(4)?
1066
Let l(b) = b**2 - 1710*b + 688189. Determine l(1062).
13
Let x(o) = o**3 - 2*o**2 + 147*o + 128. Determine x(0).
128
Let i(s) = -226*s + 17327. Calculate i(77).
-75
Let a(m) = 7062*m + 402663. Give a(-57).
129
Let k(x) = -9*x**3 + 32*x**2 - 118*x + 436. Give k(8).
-3068
Let b(s) = -s**3 + 6*s**2 + 299*s - 62. Give b(21).
-398
Let o(z) = 7*z**2 - 2862*z - 204360. Calculate o(-62).
-8
Let b(o) = 1679*o - 53472. Determine b(32).
256
Let t(n) = -11*n**3 + 362*n**2 + 35*n - 37. Calculate t(33).
29
Let w(i) = -249*i**2 - 6170*i - 29. Determine w(-25).
-1404
Let f(u) = -u**2 - 374*u + 150784. W